{"id":15965,"date":"2020-07-02T15:05:58","date_gmt":"2020-07-02T15:05:58","guid":{"rendered":"https:\/\/globalpacta.com\/?page_id=15965"},"modified":"2022-07-11T18:43:37","modified_gmt":"2022-07-11T18:43:37","slug":"elisabetta-morrielli","status":"publish","type":"page","link":"https:\/\/globalpacta.com\/ca\/equipo-2-2\/elisabetta-morrielli\/","title":{"rendered":"ELISABETTA MORRIELLI"},"content":{"rendered":"<div class=\"fusion-fullwidth fullwidth-box fusion-builder-row-1 gp-single-team nonhundred-percent-fullwidth non-hundred-percent-height-scrolling\" style=\"--awb-background-position:left top;--awb-border-sizes-top:0px;--awb-border-sizes-bottom:0px;--awb-border-sizes-left:0px;--awb-border-sizes-right:0px;--awb-border-radius-top-left:0px;--awb-border-radius-top-right:0px;--awb-border-radius-bottom-right:0px;--awb-border-radius-bottom-left:0px;--awb-padding-top:20px;--awb-padding-bottom:20px;--awb-flex-wrap:wrap;\" ><div class=\"fusion-builder-row fusion-row\"><div class=\"fusion-layout-column fusion_builder_column fusion-builder-column-0 fusion_builder_column_1_2 1_2 fusion-one-half fusion-column-first\" style=\"--awb-bg-size:cover;width:48%; margin-right: 4%;\"><div class=\"fusion-column-wrapper fusion-flex-column-wrapper-legacy\"><div class=\"fusion-image-element fusion-image-align-right in-legacy-container\" style=\"text-align:right;--awb-caption-title-font-family:var(--h2_typography-font-family);--awb-caption-title-font-weight:var(--h2_typography-font-weight);--awb-caption-title-font-style:var(--h2_typography-font-style);--awb-caption-title-size:var(--h2_typography-font-size);--awb-caption-title-transform:var(--h2_typography-text-transform);--awb-caption-title-line-height:var(--h2_typography-line-height);--awb-caption-title-letter-spacing:var(--h2_typography-letter-spacing);\"><span class=\" fusion-imageframe imageframe-none imageframe-1 hover-type-none\" style=\"margin-left:25px;float:right;\"><img decoding=\"async\" width=\"1333\" height=\"2000\" title=\"Elisabetta-Morrielli-2022-2\" src=\"https:\/\/globalpacta.com\/wp-content\/uploads\/2022\/07\/Elisabetta-Morrielli-2022-2.jpg\" alt class=\"img-responsive wp-image-18968\" srcset=\"https:\/\/globalpacta.com\/wp-content\/uploads\/2022\/07\/Elisabetta-Morrielli-2022-2-200x300.jpg 200w, https:\/\/globalpacta.com\/wp-content\/uploads\/2022\/07\/Elisabetta-Morrielli-2022-2-400x600.jpg 400w, https:\/\/globalpacta.com\/wp-content\/uploads\/2022\/07\/Elisabetta-Morrielli-2022-2-600x900.jpg 600w, https:\/\/globalpacta.com\/wp-content\/uploads\/2022\/07\/Elisabetta-Morrielli-2022-2-800x1200.jpg 800w, https:\/\/globalpacta.com\/wp-content\/uploads\/2022\/07\/Elisabetta-Morrielli-2022-2-1200x1800.jpg 1200w, https:\/\/globalpacta.com\/wp-content\/uploads\/2022\/07\/Elisabetta-Morrielli-2022-2.jpg 1333w\" sizes=\"(max-width: 800px) 100vw, 800px\" \/><\/span><\/div><div class=\"fusion-clearfix\"><\/div><\/div><\/div><div class=\"fusion-layout-column fusion_builder_column fusion-builder-column-1 fusion_builder_column_1_2 1_2 fusion-one-half fusion-column-last\" style=\"--awb-bg-size:cover;width:48%;\"><div class=\"fusion-column-wrapper fusion-flex-column-wrapper-legacy\"><div class=\"fusion-text fusion-text-1\"><p><strong>Consultora de Recursos Humans &#8211; People Advisor<\/strong><\/p>\n<p>Elisabetta Morrielli ha desenvolupat la seva experi\u00e8ncia en Recursos Humans de m\u00e9s de 20 anys en empreses del sector industrial, en consultories de RRHH i en organitzacions internacionals, tant a Espanya com a Fran\u00e7a, en altres pa\u00efsos d&#8217;Europa, Am\u00e8rica Llatina i de l\u2019\u00c0frica.<\/p>\n<p>T\u00e9 \u00e0mplia experi\u00e8ncia en l&#8217;\u00e0rea de Direcci\u00f3 de Recursos Humans, HR Business Partner, Talent Management i gesti\u00f3 de projectes RRHH en contextos multiculturals i multi-pa\u00eds. El seu expertise li permet proporcionar una assessoria alhora estrat\u00e8gica que operativa, en entorns locals, internacionals o multi-culturals, per aconseguir els objectius de les empreses i organitzacions.<\/p>\n<p>En el seu recorregut, ha acompanyat a les empreses en la gesti\u00f3 operativa de les persones en organitzacions de 10 &#8211; 350 M d&#8217;euro, definicions de Pol\u00edtiques i Programes de RRHH, implementaci\u00f3 d&#8217;accions de desenvolupament organitzatiu i gesti\u00f3 del canvi en seus i filials d&#8217;organitzacions multinacionals i internacionals, gesti\u00f3 de projectes d&#8217;harmonitzaci\u00f3 de beneficis a Espanya i Fran\u00e7a, valoraci\u00f3 de compet\u00e8ncies grupals i individuals en processos de selecci\u00f3 externs i promocions internes, posada en marxa de plans de successions i de formaci\u00f3 i desenvolupament en filials d&#8217;Europa central i del sud, formacions internes d&#8217;equips de Recursos Humans i comercials a Europa, Estats Units i \u00c0frica.<\/p>\n<p>A particulars ofereix un suport imprescindible i personalitzat en l&#8217;idioma matern per aconseguir les aspiracions personals, utilitzant eines professionals de valoraci\u00f3 de compet\u00e8ncies i orientaci\u00f3 al m\u00f3n laboral, aportant la seva visi\u00f3 de dona expatriada.<\/p>\n<p>Forma part de l&#8217;equip de globalpacta des del 2020.<\/p>\n<p><strong>Formaci\u00f3 acad\u00e8mica<\/strong><\/p>\n<ul>\n<li>M\u00e0ster en Direcci\u00f3 de Recursos Hum\u00e0, EAE Business School \u2013 Barcelona.<\/li>\n<\/ul>\n<ul>\n<li>Especialitzaci\u00f3 en Gesti\u00f3 de Projectes, IAMM \u2013 Montpeller.<\/li>\n<\/ul>\n<ul>\n<li>Llicenciada en Ci\u00e8ncies Pol\u00edtiques, Universitat La Sapienza \u2013 Roma.<\/li>\n<\/ul>\n<p><strong>Idiomes<\/strong><\/p>\n<p>Espanyol, angl\u00e8s, franc\u00e8s i itali\u00e0.<\/p>\n<\/div><div class=\"fusion-clearfix\"><\/div><\/div><\/div><\/div><\/div>\n","protected":false},"excerpt":{"rendered":"","protected":false},"author":3,"featured_media":0,"parent":7208,"menu_order":0,"comment_status":"open","ping_status":"open","template":"","meta":{"_exactmetrics_skip_tracking":false,"_exactmetrics_sitenote_active":false,"_exactmetrics_sitenote_note":"","_exactmetrics_sitenote_category":0,"footnotes":""},"_links":{"self":[{"href":"https:\/\/globalpacta.com\/ca\/wp-json\/wp\/v2\/pages\/15965"}],"collection":[{"href":"https:\/\/globalpacta.com\/ca\/wp-json\/wp\/v2\/pages"}],"about":[{"href":"https:\/\/globalpacta.com\/ca\/wp-json\/wp\/v2\/types\/page"}],"author":[{"embeddable":true,"href":"https:\/\/globalpacta.com\/ca\/wp-json\/wp\/v2\/users\/3"}],"replies":[{"embeddable":true,"href":"https:\/\/globalpacta.com\/ca\/wp-json\/wp\/v2\/comments?post=15965"}],"version-history":[{"count":7,"href":"https:\/\/globalpacta.com\/ca\/wp-json\/wp\/v2\/pages\/15965\/revisions"}],"predecessor-version":[{"id":18975,"href":"https:\/\/globalpacta.com\/ca\/wp-json\/wp\/v2\/pages\/15965\/revisions\/18975"}],"up":[{"embeddable":true,"href":"https:\/\/globalpacta.com\/ca\/wp-json\/wp\/v2\/pages\/7208"}],"wp:attachment":[{"href":"https:\/\/globalpacta.com\/ca\/wp-json\/wp\/v2\/media?parent=15965"}],"curies":[{"name":"wp","href":"https:\/\/api.w.org\/{rel}","templated":true}]}}

<div class="fusion-fullwidth fullwidth-box fusion-builder-row-1 gp-single-team nonhundred-percent-fullwidth non-hundred-percent-height-scrolling" style="--awb-background-position:left top;--awb-border-sizes-top:0px;--awb-border-sizes-bottom:0px;--awb-border-sizes-left:0px;--awb-border-sizes-right:0px;--awb-border-radius-top-left:0px;--awb-border-radius-top-right:0px;--awb-border-radius-bottom-right:0px;--awb-border-radius-bottom-left:0px;--awb-padding-top:20px;--awb-padding-bottom:20px;--awb-flex-wrap:wrap;" ><div class="fusion-builder-row fusion-row"><div class="fusion-layout-column fusion_builder_column fusion-builder-column-0 fusion_builder_column_1_2 1_2 fusion-one-half fusion-column-first" style="--awb-bg-size:cover;width:48%; margin-right: 4%;"><div class="fusion-column-wrapper fusion-flex-column-wrapper-legacy"><div class="fusion-image-element fusion-image-align-right in-legacy-container" style="text-align:right;--awb-caption-title-font-family:var(--h2_typography-font-family);--awb-caption-title-font-weight:var(--h2_typography-font-weight);--awb-caption-title-font-style:var(--h2_typography-font-style);--awb-caption-title-size:var(--h2_typography-font-size);--awb-caption-title-transform:var(--h2_typography-text-transform);--awb-caption-title-line-height:var(--h2_typography-line-height);--awb-caption-title-letter-spacing:var(--h2_typography-letter-spacing);"><span class=" fusion-imageframe imageframe-none imageframe-1 hover-type-none" style="margin-left:25px;float:right;"><img decoding="async" width="1333" height="2000" title="Elisabetta-Morrielli-2022-2" src="https://globalpacta.com/wp-content/uploads/2022/07/Elisabetta-Morrielli-2022-2.jpg" alt class="img-responsive wp-image-18968" srcset="https://globalpacta.com/wp-content/uploads/2022/07/Elisabetta-Morrielli-2022-2-200x300.jpg 200w, https://globalpacta.com/wp-content/uploads/2022/07/Elisabetta-Morrielli-2022-2-400x600.jpg 400w, https://globalpacta.com/wp-content/uploads/2022/07/Elisabetta-Morrielli-2022-2-600x900.jpg 600w, https://globalpacta.com/wp-content/uploads/2022/07/Elisabetta-Morrielli-2022-2-800x1200.jpg 800w, https://globalpacta.com/wp-content/uploads/2022/07/Elisabetta-Morrielli-2022-2-1200x1800.jpg 1200w, https://globalpacta.com/wp-content/uploads/2022/07/Elisabetta-Morrielli-2022-2.jpg 1333w" sizes="(max-width: 800px) 100vw, 800px" /></span></div><div class="fusion-clearfix"></div></div></div><div class="fusion-layout-column fusion_builder_column fusion-builder-column-1 fusion_builder_column_1_2 1_2 fusion-one-half fusion-column-last" style="--awb-bg-size:cover;width:48%;"><div class="fusion-column-wrapper fusion-flex-column-wrapper-legacy"><div class="fusion-text fusion-text-1"><p><strong>Consultora de Recursos Humans &#8211; People Advisor</strong></p>
<p>Elisabetta Morrielli ha desenvolupat la seva experiència en Recursos Humans de més de 20 anys en empreses del sector industrial, en consultories de RRHH i en organitzacions internacionals, tant a Espanya com a França, en altres països d&#8217;Europa, Amèrica Llatina i de l’Àfrica.</p>
<p>Té àmplia experiència en l&#8217;àrea de Direcció de Recursos Humans, HR Business Partner, Talent Management i gestió de projectes RRHH en contextos multiculturals i multi-país. El seu expertise li permet proporcionar una assessoria alhora estratègica que operativa, en entorns locals, internacionals o multi-culturals, per aconseguir els objectius de les empreses i organitzacions.</p>
<p>En el seu recorregut, ha acompanyat a les empreses en la gestió operativa de les persones en organitzacions de 10 &#8211; 350 M d&#8217;euro, definicions de Polítiques i Programes de RRHH, implementació d&#8217;accions de desenvolupament organitzatiu i gestió del canvi en seus i filials d&#8217;organitzacions multinacionals i internacionals, gestió de projectes d&#8217;harmonització de beneficis a Espanya i França, valoració de competències grupals i individuals en processos de selecció externs i promocions internes, posada en marxa de plans de successions i de formació i desenvolupament en filials d&#8217;Europa central i del sud, formacions internes d&#8217;equips de Recursos Humans i comercials a Europa, Estats Units i Àfrica.</p>
<p>A particulars ofereix un suport imprescindible i personalitzat en l&#8217;idioma matern per aconseguir les aspiracions personals, utilitzant eines professionals de valoració de competències i orientació al món laboral, aportant la seva visió de dona expatriada.</p>
<p>Forma part de l&#8217;equip de globalpacta des del 2020.</p>
<p><strong>Formació acadèmica</strong></p>
<ul>
<li>Màster en Direcció de Recursos Humà, EAE Business School – Barcelona.</li>
</ul>
<ul>
<li>Especialització en Gestió de Projectes, IAMM – Montpeller.</li>
</ul>
<ul>
<li>Llicenciada en Ciències Polítiques, Universitat La Sapienza – Roma.</li>
</ul>
<p><strong>Idiomes</strong></p>
<p>Espanyol, anglès, francès i italià.</p>
</div><div class="fusion-clearfix"></div></div></div></div></div>
