{"id":19421,"date":"2023-01-05T13:58:09","date_gmt":"2023-01-05T13:58:09","guid":{"rendered":"https:\/\/globalpacta.com\/?page_id=19421"},"modified":"2023-01-10T08:45:59","modified_gmt":"2023-01-10T08:45:59","slug":"belkis-poleo","status":"publish","type":"page","link":"https:\/\/globalpacta.com\/ca\/equipo-2-2\/belkis-poleo\/","title":{"rendered":"BELKIS POLEO"},"content":{"rendered":"<div class=\"fusion-fullwidth fullwidth-box fusion-builder-row-1 gp-single-team nonhundred-percent-fullwidth non-hundred-percent-height-scrolling\" style=\"--awb-background-position:left top;--awb-border-sizes-top:0px;--awb-border-sizes-bottom:0px;--awb-border-sizes-left:0px;--awb-border-sizes-right:0px;--awb-border-radius-top-left:0px;--awb-border-radius-top-right:0px;--awb-border-radius-bottom-right:0px;--awb-border-radius-bottom-left:0px;--awb-padding-top:20px;--awb-padding-bottom:20px;--awb-flex-wrap:wrap;\" ><div class=\"fusion-builder-row fusion-row\"><div class=\"fusion-layout-column fusion_builder_column fusion-builder-column-0 fusion_builder_column_1_2 1_2 fusion-one-half fusion-column-first\" style=\"--awb-bg-size:cover;width:48%; margin-right: 4%;\"><div class=\"fusion-column-wrapper fusion-flex-column-wrapper-legacy\"><div class=\"fusion-image-element fusion-image-align-right in-legacy-container\" style=\"text-align:right;--awb-caption-title-font-family:var(--h2_typography-font-family);--awb-caption-title-font-weight:var(--h2_typography-font-weight);--awb-caption-title-font-style:var(--h2_typography-font-style);--awb-caption-title-size:var(--h2_typography-font-size);--awb-caption-title-transform:var(--h2_typography-text-transform);--awb-caption-title-line-height:var(--h2_typography-line-height);--awb-caption-title-letter-spacing:var(--h2_typography-letter-spacing);\"><span class=\" fusion-imageframe imageframe-none imageframe-1 hover-type-none\" style=\"margin-left:25px;float:right;\"><img decoding=\"async\" width=\"427\" height=\"427\" title=\"Belkis-Poleo\" src=\"https:\/\/globalpacta.com\/wp-content\/uploads\/2023\/01\/Belkis-Poleo.jpg\" alt class=\"img-responsive wp-image-19436\" srcset=\"https:\/\/globalpacta.com\/wp-content\/uploads\/2023\/01\/Belkis-Poleo-200x200.jpg 200w, https:\/\/globalpacta.com\/wp-content\/uploads\/2023\/01\/Belkis-Poleo-400x400.jpg 400w, https:\/\/globalpacta.com\/wp-content\/uploads\/2023\/01\/Belkis-Poleo.jpg 427w\" sizes=\"(max-width: 800px) 100vw, 427px\" \/><\/span><\/div><div class=\"fusion-clearfix\"><\/div><\/div><\/div><div class=\"fusion-layout-column fusion_builder_column fusion-builder-column-1 fusion_builder_column_1_2 1_2 fusion-one-half fusion-column-last\" style=\"--awb-bg-size:cover;width:48%;\"><div class=\"fusion-column-wrapper fusion-flex-column-wrapper-legacy\"><div class=\"fusion-text fusion-text-1\"><p><strong>Administraci\u00f3 i m\u00e0rqueting<\/strong><\/p>\n<p>Belkis Poleo t\u00e9 una llarga experi\u00e8ncia professional multidisciplinar combinant tasques de l&#8217;\u00e0mbit administratiu i operatiu en empreses internacionals i s&#8217;incorpora a globalpacta per refor\u00e7ar el departament de recepci\u00f3, administraci\u00f3 i m\u00e0rqueting.<\/p>\n<p>Forma part de l&#8217;equip globalpacta des del 2021.<\/p>\n<p><strong>Formaci\u00f3 acad\u00e8mica<\/strong><\/p>\n<p>\u2013 Grau en Lleng\u00fces Estrangeres amb Organitzacions Internacionals.<br \/>\n\u2013 Curs d&#8217;Especialitzaci\u00f3 Universit\u00e0ria en Protocol Internacional i Relacions Institucionals.<br \/>\n\u2013 Curs de comer\u00e7 electr\u00f2nic.<br \/>\n\u2013 Curs de xarxes socials i empresa.<br \/>\n\u2013 Curs de Factura Digital.<br \/>\n\u2013 Curs de Gesti\u00f3 Financera.<br \/>\n\u2013 Curs de Programaci\u00f3 en ASP.NET.<br \/>\n\u2013 Curs 7 BIG DATA (IFCT128PO).<br \/>\n\u2013 Taller d&#8217;intel\u00b7lig\u00e8ncia empresarial i gesti\u00f3 del coneixement.<br \/>\n\u2013 Seminari: Gesti\u00f3 del coneixement i innovaci\u00f3 a l&#8217;empresa.<br \/>\n\u2013 Seminari: L&#8217;elaboraci\u00f3 dels perfils: recurs clau per a la presa de decisions a les empreses.<br \/>\n\u2013 Seminari: Fonaments de m\u00e0rqueting.<br \/>\n\u2013 Seminari: Comunicaci\u00f3 efectiva a les empreses.<\/p>\n<p><strong>Idiomes<\/strong><\/p>\n<p>Espanyol, angl\u00e8s i franc\u00e8s.<\/p>\n<\/div><div class=\"fusion-clearfix\"><\/div><\/div><\/div><\/div><\/div>\n","protected":false},"excerpt":{"rendered":"","protected":false},"author":3,"featured_media":0,"parent":7208,"menu_order":0,"comment_status":"open","ping_status":"open","template":"","meta":{"_exactmetrics_skip_tracking":false,"_exactmetrics_sitenote_active":false,"_exactmetrics_sitenote_note":"","_exactmetrics_sitenote_category":0,"footnotes":""},"_links":{"self":[{"href":"https:\/\/globalpacta.com\/ca\/wp-json\/wp\/v2\/pages\/19421"}],"collection":[{"href":"https:\/\/globalpacta.com\/ca\/wp-json\/wp\/v2\/pages"}],"about":[{"href":"https:\/\/globalpacta.com\/ca\/wp-json\/wp\/v2\/types\/page"}],"author":[{"embeddable":true,"href":"https:\/\/globalpacta.com\/ca\/wp-json\/wp\/v2\/users\/3"}],"replies":[{"embeddable":true,"href":"https:\/\/globalpacta.com\/ca\/wp-json\/wp\/v2\/comments?post=19421"}],"version-history":[{"count":6,"href":"https:\/\/globalpacta.com\/ca\/wp-json\/wp\/v2\/pages\/19421\/revisions"}],"predecessor-version":[{"id":19490,"href":"https:\/\/globalpacta.com\/ca\/wp-json\/wp\/v2\/pages\/19421\/revisions\/19490"}],"up":[{"embeddable":true,"href":"https:\/\/globalpacta.com\/ca\/wp-json\/wp\/v2\/pages\/7208"}],"wp:attachment":[{"href":"https:\/\/globalpacta.com\/ca\/wp-json\/wp\/v2\/media?parent=19421"}],"curies":[{"name":"wp","href":"https:\/\/api.w.org\/{rel}","templated":true}]}}

<div class="fusion-fullwidth fullwidth-box fusion-builder-row-1 gp-single-team nonhundred-percent-fullwidth non-hundred-percent-height-scrolling" style="--awb-background-position:left top;--awb-border-sizes-top:0px;--awb-border-sizes-bottom:0px;--awb-border-sizes-left:0px;--awb-border-sizes-right:0px;--awb-border-radius-top-left:0px;--awb-border-radius-top-right:0px;--awb-border-radius-bottom-right:0px;--awb-border-radius-bottom-left:0px;--awb-padding-top:20px;--awb-padding-bottom:20px;--awb-flex-wrap:wrap;" ><div class="fusion-builder-row fusion-row"><div class="fusion-layout-column fusion_builder_column fusion-builder-column-0 fusion_builder_column_1_2 1_2 fusion-one-half fusion-column-first" style="--awb-bg-size:cover;width:48%; margin-right: 4%;"><div class="fusion-column-wrapper fusion-flex-column-wrapper-legacy"><div class="fusion-image-element fusion-image-align-right in-legacy-container" style="text-align:right;--awb-caption-title-font-family:var(--h2_typography-font-family);--awb-caption-title-font-weight:var(--h2_typography-font-weight);--awb-caption-title-font-style:var(--h2_typography-font-style);--awb-caption-title-size:var(--h2_typography-font-size);--awb-caption-title-transform:var(--h2_typography-text-transform);--awb-caption-title-line-height:var(--h2_typography-line-height);--awb-caption-title-letter-spacing:var(--h2_typography-letter-spacing);"><span class=" fusion-imageframe imageframe-none imageframe-1 hover-type-none" style="margin-left:25px;float:right;"><img decoding="async" width="427" height="427" title="Belkis-Poleo" src="https://globalpacta.com/wp-content/uploads/2023/01/Belkis-Poleo.jpg" alt class="img-responsive wp-image-19436" srcset="https://globalpacta.com/wp-content/uploads/2023/01/Belkis-Poleo-200x200.jpg 200w, https://globalpacta.com/wp-content/uploads/2023/01/Belkis-Poleo-400x400.jpg 400w, https://globalpacta.com/wp-content/uploads/2023/01/Belkis-Poleo.jpg 427w" sizes="(max-width: 800px) 100vw, 427px" /></span></div><div class="fusion-clearfix"></div></div></div><div class="fusion-layout-column fusion_builder_column fusion-builder-column-1 fusion_builder_column_1_2 1_2 fusion-one-half fusion-column-last" style="--awb-bg-size:cover;width:48%;"><div class="fusion-column-wrapper fusion-flex-column-wrapper-legacy"><div class="fusion-text fusion-text-1"><p><strong>Administració i màrqueting</strong></p>
<p>Belkis Poleo té una llarga experiència professional multidisciplinar combinant tasques de l&#8217;àmbit administratiu i operatiu en empreses internacionals i s&#8217;incorpora a globalpacta per reforçar el departament de recepció, administració i màrqueting.</p>
<p>Forma part de l&#8217;equip globalpacta des del 2021.</p>
<p><strong>Formació acadèmica</strong></p>
<p>– Grau en Llengües Estrangeres amb Organitzacions Internacionals.<br />
– Curs d&#8217;Especialització Universitària en Protocol Internacional i Relacions Institucionals.<br />
– Curs de comerç electrònic.<br />
– Curs de xarxes socials i empresa.<br />
– Curs de Factura Digital.<br />
– Curs de Gestió Financera.<br />
– Curs de Programació en ASP.NET.<br />
– Curs 7 BIG DATA (IFCT128PO).<br />
– Taller d&#8217;intel·ligència empresarial i gestió del coneixement.<br />
– Seminari: Gestió del coneixement i innovació a l&#8217;empresa.<br />
– Seminari: L&#8217;elaboració dels perfils: recurs clau per a la presa de decisions a les empreses.<br />
– Seminari: Fonaments de màrqueting.<br />
– Seminari: Comunicació efectiva a les empreses.</p>
<p><strong>Idiomes</strong></p>
<p>Espanyol, anglès i francès.</p>
</div><div class="fusion-clearfix"></div></div></div></div></div>
