{"id":15061,"date":"2020-04-15T10:30:26","date_gmt":"2020-04-15T10:30:26","guid":{"rendered":"https:\/\/globalpacta.com\/?page_id=15061"},"modified":"2021-01-18T15:05:16","modified_gmt":"2021-01-18T15:05:16","slug":"antonio-jorda-de-quay","status":"publish","type":"page","link":"https:\/\/globalpacta.com\/fr\/equipo-2\/antonio-jorda-de-quay\/","title":{"rendered":"ANTONIO JORD\u00c1 DE QUAY"},"content":{"rendered":"<div class=\"fusion-fullwidth fullwidth-box fusion-builder-row-1 gp-single-team nonhundred-percent-fullwidth non-hundred-percent-height-scrolling\" style=\"--awb-background-position:left top;--awb-border-sizes-top:0px;--awb-border-sizes-bottom:0px;--awb-border-sizes-left:0px;--awb-border-sizes-right:0px;--awb-border-radius-top-left:0px;--awb-border-radius-top-right:0px;--awb-border-radius-bottom-right:0px;--awb-border-radius-bottom-left:0px;--awb-padding-top:20px;--awb-padding-bottom:20px;--awb-flex-wrap:wrap;\" ><div class=\"fusion-builder-row fusion-row\"><div class=\"fusion-layout-column fusion_builder_column fusion-builder-column-0 fusion_builder_column_1_2 1_2 fusion-one-half fusion-column-first\" style=\"--awb-bg-size:cover;width:48%; margin-right: 4%;\"><div class=\"fusion-column-wrapper fusion-flex-column-wrapper-legacy\"><div class=\"fusion-image-element fusion-image-align-right in-legacy-container\" style=\"text-align:right;--awb-caption-title-font-family:var(--h2_typography-font-family);--awb-caption-title-font-weight:var(--h2_typography-font-weight);--awb-caption-title-font-style:var(--h2_typography-font-style);--awb-caption-title-size:var(--h2_typography-font-size);--awb-caption-title-transform:var(--h2_typography-text-transform);--awb-caption-title-line-height:var(--h2_typography-line-height);--awb-caption-title-letter-spacing:var(--h2_typography-letter-spacing);\"><span class=\" fusion-imageframe imageframe-none imageframe-1 hover-type-none\" style=\"margin-left:25px;float:right;\"><img decoding=\"async\" width=\"662\" height=\"662\" title=\"Antonio_Jorda_2019_fondo\" src=\"https:\/\/globalpacta.com\/wp-content\/uploads\/2020\/04\/Antonio_Jorda_2019_fondo.jpg\" alt class=\"img-responsive wp-image-15049\" srcset=\"https:\/\/globalpacta.com\/wp-content\/uploads\/2020\/04\/Antonio_Jorda_2019_fondo-200x200.jpg 200w, https:\/\/globalpacta.com\/wp-content\/uploads\/2020\/04\/Antonio_Jorda_2019_fondo-400x400.jpg 400w, https:\/\/globalpacta.com\/wp-content\/uploads\/2020\/04\/Antonio_Jorda_2019_fondo-600x600.jpg 600w, https:\/\/globalpacta.com\/wp-content\/uploads\/2020\/04\/Antonio_Jorda_2019_fondo.jpg 662w\" sizes=\"(max-width: 800px) 100vw, 662px\" \/><\/span><\/div><div class=\"fusion-clearfix\"><\/div><\/div><\/div><div class=\"fusion-layout-column fusion_builder_column fusion-builder-column-1 fusion_builder_column_1_2 1_2 fusion-one-half fusion-column-last\" style=\"--awb-bg-size:cover;width:48%;\"><div class=\"fusion-column-wrapper fusion-flex-column-wrapper-legacy\"><div class=\"fusion-text fusion-text-1\"><p><strong>Avocat <\/strong><\/p>\n<p>Antonio Jord\u00e1 poss\u00e8de une vaste exp\u00e9rience en droit du travail.<\/p>\n<p>Sa carri\u00e8re professionnelle a commenc\u00e9 en 1984 dans un cabinet d&rsquo;avocats \u00e0 Tarragone et depuis lors, nous pouvons souligner, entre autres, sa pratique en tant que technicien en Relations de Travail au niveau Multinational, Directeur des relations de travail dans une banque ainsi que partenaire dans divers cabinets d&rsquo;avocats.<\/p>\n<p>Son exp\u00e9rience professionnelle dans le domaine du Droit du Travail et de la S\u00e9curit\u00e9 Sociale s&rsquo;\u00e9tend \u00e0 tous ses domaines et sp\u00e9cialit\u00e9s, y compris la pratique du contentieux devant la Juridiction Sociale, il convient de souligner sa vaste exp\u00e9rience en conseil juridique aux entreprises sur les conditions de travail, telles que la structure des salaires et des r\u00e9mun\u00e9rations, les heures de travail, les embauches et les sanctions ainsi que la r\u00e9siliation des contrats de travail et les accords de r\u00e9mun\u00e9ration correspondants. Il convient \u00e9galement de noter sa vaste pratique en tant que conseiller dans le domaine du sport.<\/p>\n<p>Il a pleinement particip\u00e9 aux proc\u00e9dures de licenciement collectif et \u00e0 toutes sortes de n\u00e9gociations avec les repr\u00e9sentants des travailleurs sur les conditions de travail dans les processus de restructuration des entreprises, notamment la modification des conditions de travail, la mobilit\u00e9 g\u00e9ographique, la suspension des contrats, processus de retraite et autres.<\/p>\n<p>Il est membre du II\u00b7lustre Col\u00b7legi d\u2019Advocats de Barcelone et de Tarragone.<\/p>\n<p>Il fait partie de l&rsquo;\u00e9quipe de globalpacta depuis 2020.<\/p>\n<p><strong>Formation acad\u00e9mique<\/strong><\/p>\n<p>\u2013 Licence en droit de l&rsquo;Universit\u00e9 de Barcelone.<br \/>\u2013 Master en droit p\u00e9nal, Universit\u00e9 de Barcelone.<br \/>\u2013 Master en ressources humaines et gestion du personnel, \u00c9cole d&rsquo;administration et de direction, Barcelone.<\/p>\n<p><strong>Langues<\/strong><\/p>\n<p>Espagnol, catalan et fran\u00e7ais.<\/p>\n<\/div><div class=\"fusion-clearfix\"><\/div><\/div><\/div><\/div><\/div>\n","protected":false},"excerpt":{"rendered":"","protected":false},"author":3,"featured_media":0,"parent":7210,"menu_order":0,"comment_status":"open","ping_status":"open","template":"","meta":{"_exactmetrics_skip_tracking":false,"_exactmetrics_sitenote_active":false,"_exactmetrics_sitenote_note":"","_exactmetrics_sitenote_category":0,"footnotes":""},"_links":{"self":[{"href":"https:\/\/globalpacta.com\/fr\/wp-json\/wp\/v2\/pages\/15061"}],"collection":[{"href":"https:\/\/globalpacta.com\/fr\/wp-json\/wp\/v2\/pages"}],"about":[{"href":"https:\/\/globalpacta.com\/fr\/wp-json\/wp\/v2\/types\/page"}],"author":[{"embeddable":true,"href":"https:\/\/globalpacta.com\/fr\/wp-json\/wp\/v2\/users\/3"}],"replies":[{"embeddable":true,"href":"https:\/\/globalpacta.com\/fr\/wp-json\/wp\/v2\/comments?post=15061"}],"version-history":[{"count":8,"href":"https:\/\/globalpacta.com\/fr\/wp-json\/wp\/v2\/pages\/15061\/revisions"}],"predecessor-version":[{"id":16691,"href":"https:\/\/globalpacta.com\/fr\/wp-json\/wp\/v2\/pages\/15061\/revisions\/16691"}],"up":[{"embeddable":true,"href":"https:\/\/globalpacta.com\/fr\/wp-json\/wp\/v2\/pages\/7210"}],"wp:attachment":[{"href":"https:\/\/globalpacta.com\/fr\/wp-json\/wp\/v2\/media?parent=15061"}],"curies":[{"name":"wp","href":"https:\/\/api.w.org\/{rel}","templated":true}]}}

ANTONIO JORDÁ DE QUAY

<div class="fusion-fullwidth fullwidth-box fusion-builder-row-1 gp-single-team nonhundred-percent-fullwidth non-hundred-percent-height-scrolling" style="--awb-background-position:left top;--awb-border-sizes-top:0px;--awb-border-sizes-bottom:0px;--awb-border-sizes-left:0px;--awb-border-sizes-right:0px;--awb-border-radius-top-left:0px;--awb-border-radius-top-right:0px;--awb-border-radius-bottom-right:0px;--awb-border-radius-bottom-left:0px;--awb-padding-top:20px;--awb-padding-bottom:20px;--awb-flex-wrap:wrap;" ><div class="fusion-builder-row fusion-row"><div class="fusion-layout-column fusion_builder_column fusion-builder-column-0 fusion_builder_column_1_2 1_2 fusion-one-half fusion-column-first" style="--awb-bg-size:cover;width:48%; margin-right: 4%;"><div class="fusion-column-wrapper fusion-flex-column-wrapper-legacy"><div class="fusion-image-element fusion-image-align-right in-legacy-container" style="text-align:right;--awb-caption-title-font-family:var(--h2_typography-font-family);--awb-caption-title-font-weight:var(--h2_typography-font-weight);--awb-caption-title-font-style:var(--h2_typography-font-style);--awb-caption-title-size:var(--h2_typography-font-size);--awb-caption-title-transform:var(--h2_typography-text-transform);--awb-caption-title-line-height:var(--h2_typography-line-height);--awb-caption-title-letter-spacing:var(--h2_typography-letter-spacing);"><span class=" fusion-imageframe imageframe-none imageframe-1 hover-type-none" style="margin-left:25px;float:right;"><img decoding="async" width="662" height="662" title="Antonio_Jorda_2019_fondo" src="https://globalpacta.com/wp-content/uploads/2020/04/Antonio_Jorda_2019_fondo.jpg" alt class="img-responsive wp-image-15049" srcset="https://globalpacta.com/wp-content/uploads/2020/04/Antonio_Jorda_2019_fondo-200x200.jpg 200w, https://globalpacta.com/wp-content/uploads/2020/04/Antonio_Jorda_2019_fondo-400x400.jpg 400w, https://globalpacta.com/wp-content/uploads/2020/04/Antonio_Jorda_2019_fondo-600x600.jpg 600w, https://globalpacta.com/wp-content/uploads/2020/04/Antonio_Jorda_2019_fondo.jpg 662w" sizes="(max-width: 800px) 100vw, 662px" /></span></div><div class="fusion-clearfix"></div></div></div><div class="fusion-layout-column fusion_builder_column fusion-builder-column-1 fusion_builder_column_1_2 1_2 fusion-one-half fusion-column-last" style="--awb-bg-size:cover;width:48%;"><div class="fusion-column-wrapper fusion-flex-column-wrapper-legacy"><div class="fusion-text fusion-text-1"><p><strong>Avocat </strong></p>
<p>Antonio Jordá possède une vaste expérience en droit du travail.</p>
<p>Sa carrière professionnelle a commencé en 1984 dans un cabinet d&rsquo;avocats à Tarragone et depuis lors, nous pouvons souligner, entre autres, sa pratique en tant que technicien en Relations de Travail au niveau Multinational, Directeur des relations de travail dans une banque ainsi que partenaire dans divers cabinets d&rsquo;avocats.</p>
<p>Son expérience professionnelle dans le domaine du Droit du Travail et de la Sécurité Sociale s&rsquo;étend à tous ses domaines et spécialités, y compris la pratique du contentieux devant la Juridiction Sociale, il convient de souligner sa vaste expérience en conseil juridique aux entreprises sur les conditions de travail, telles que la structure des salaires et des rémunérations, les heures de travail, les embauches et les sanctions ainsi que la résiliation des contrats de travail et les accords de rémunération correspondants. Il convient également de noter sa vaste pratique en tant que conseiller dans le domaine du sport.</p>
<p>Il a pleinement participé aux procédures de licenciement collectif et à toutes sortes de négociations avec les représentants des travailleurs sur les conditions de travail dans les processus de restructuration des entreprises, notamment la modification des conditions de travail, la mobilité géographique, la suspension des contrats, processus de retraite et autres.</p>
<p>Il est membre du II·lustre Col·legi d’Advocats de Barcelone et de Tarragone.</p>
<p>Il fait partie de l&rsquo;équipe de globalpacta depuis 2020.</p>
<p><strong>Formation académique</strong></p>
<p>– Licence en droit de l&rsquo;Université de Barcelone.<br />– Master en droit pénal, Université de Barcelone.<br />– Master en ressources humaines et gestion du personnel, École d&rsquo;administration et de direction, Barcelone.</p>
<p><strong>Langues</strong></p>
<p>Espagnol, catalan et français.</p>
</div><div class="fusion-clearfix"></div></div></div></div></div>
