{"id":19423,"date":"2023-01-05T13:57:22","date_gmt":"2023-01-05T13:57:22","guid":{"rendered":"https:\/\/globalpacta.com\/?page_id=19423"},"modified":"2023-01-05T13:57:23","modified_gmt":"2023-01-05T13:57:23","slug":"belkis-poleo","status":"publish","type":"page","link":"https:\/\/globalpacta.com\/fr\/equipo-2\/belkis-poleo\/","title":{"rendered":"BELKIS POLEO"},"content":{"rendered":"<div class=\"fusion-fullwidth fullwidth-box fusion-builder-row-1 gp-single-team nonhundred-percent-fullwidth non-hundred-percent-height-scrolling\" style=\"--awb-background-position:left top;--awb-border-sizes-top:0px;--awb-border-sizes-bottom:0px;--awb-border-sizes-left:0px;--awb-border-sizes-right:0px;--awb-border-radius-top-left:0px;--awb-border-radius-top-right:0px;--awb-border-radius-bottom-right:0px;--awb-border-radius-bottom-left:0px;--awb-padding-top:20px;--awb-padding-bottom:20px;--awb-flex-wrap:wrap;\" ><div class=\"fusion-builder-row fusion-row\"><div class=\"fusion-layout-column fusion_builder_column fusion-builder-column-0 fusion_builder_column_1_2 1_2 fusion-one-half fusion-column-first\" style=\"--awb-bg-size:cover;width:48%; margin-right: 4%;\"><div class=\"fusion-column-wrapper fusion-flex-column-wrapper-legacy\"><div class=\"fusion-image-element fusion-image-align-right in-legacy-container\" style=\"text-align:right;--awb-caption-title-font-family:var(--h2_typography-font-family);--awb-caption-title-font-weight:var(--h2_typography-font-weight);--awb-caption-title-font-style:var(--h2_typography-font-style);--awb-caption-title-size:var(--h2_typography-font-size);--awb-caption-title-transform:var(--h2_typography-text-transform);--awb-caption-title-line-height:var(--h2_typography-line-height);--awb-caption-title-letter-spacing:var(--h2_typography-letter-spacing);\"><span class=\" fusion-imageframe imageframe-none imageframe-1 hover-type-none\" style=\"margin-left:25px;float:right;\"><img decoding=\"async\" width=\"427\" height=\"427\" title=\"Belkis-Poleo\" src=\"https:\/\/globalpacta.com\/wp-content\/uploads\/2023\/01\/Belkis-Poleo.jpg\" alt class=\"img-responsive wp-image-19438\" srcset=\"https:\/\/globalpacta.com\/wp-content\/uploads\/2023\/01\/Belkis-Poleo-200x200.jpg 200w, https:\/\/globalpacta.com\/wp-content\/uploads\/2023\/01\/Belkis-Poleo-400x400.jpg 400w, https:\/\/globalpacta.com\/wp-content\/uploads\/2023\/01\/Belkis-Poleo.jpg 427w\" sizes=\"(max-width: 800px) 100vw, 427px\" \/><\/span><\/div><div class=\"fusion-clearfix\"><\/div><\/div><\/div><div class=\"fusion-layout-column fusion_builder_column fusion-builder-column-1 fusion_builder_column_1_2 1_2 fusion-one-half fusion-column-last\" style=\"--awb-bg-size:cover;width:48%;\"><div class=\"fusion-column-wrapper fusion-flex-column-wrapper-legacy\"><div class=\"fusion-text fusion-text-1\"><p><strong>Administration et marketing<\/strong><\/p>\n<p>Belkis Poleo a une longue exp\u00e9rience professionnelle multidisciplinaire combinant des t\u00e2ches administratives et op\u00e9rationnelles dans des entreprises internationales et rejoint globalpacta pour renforcer le d\u00e9partement de r\u00e9ception, administration et marketing.<\/p>\n<p>Elle fait partie de l&rsquo;\u00e9quipe de globalpacta depuis 2021.<\/p>\n<p><strong>Formation acad\u00e9mique<\/strong><\/p>\n<p>\u2013 Dipl\u00f4me en langues \u00e9trang\u00e8res avec des organisations internationales.<br \/>\n\u2013 Cours de sp\u00e9cialisation universitaire en protocole international et relations institutionnelles.<br \/>\n\u2013 Cours sur le commerce \u00e9lectronique.<br \/>\n\u2013 Cours sur les r\u00e9seaux sociaux et les affaires.<br \/>\n\u2013 Cours sur la facturation num\u00e9rique.<br \/>\n\u2013 Cours de gestion financi\u00e8re.<br \/>\n\u2013 Cours Programmation en ASP.NET.<br \/>\n\u2013 Cours 7 BIG DATA (IFCT128PO).<br \/>\n\u2013 Atelier sur l&rsquo;intelligence \u00e9conomique et la gestion des connaissances.<br \/>\n\u2013 S\u00e9minaire : Gestion des connaissances et innovation dans l&rsquo;entreprise.<br \/>\n\u2013 S\u00e9minaire : Le profilage: une ressource cl\u00e9 pour la prise de d\u00e9cision dans les entreprises.<br \/>\n\u2013 S\u00e9minaire : Principes fondamentaux du marketing.<br \/>\n\u2013 S\u00e9minaire : Communication efficace en entreprise.<\/p>\n<p><strong>Langues<\/strong><\/p>\n<p>Espagnol, anglais et fran\u00e7ais.<\/p>\n<\/div><div class=\"fusion-clearfix\"><\/div><\/div><\/div><\/div><\/div>\n","protected":false},"excerpt":{"rendered":"","protected":false},"author":3,"featured_media":0,"parent":7210,"menu_order":0,"comment_status":"open","ping_status":"open","template":"","meta":{"_exactmetrics_skip_tracking":false,"_exactmetrics_sitenote_active":false,"_exactmetrics_sitenote_note":"","_exactmetrics_sitenote_category":0,"footnotes":""},"_links":{"self":[{"href":"https:\/\/globalpacta.com\/fr\/wp-json\/wp\/v2\/pages\/19423"}],"collection":[{"href":"https:\/\/globalpacta.com\/fr\/wp-json\/wp\/v2\/pages"}],"about":[{"href":"https:\/\/globalpacta.com\/fr\/wp-json\/wp\/v2\/types\/page"}],"author":[{"embeddable":true,"href":"https:\/\/globalpacta.com\/fr\/wp-json\/wp\/v2\/users\/3"}],"replies":[{"embeddable":true,"href":"https:\/\/globalpacta.com\/fr\/wp-json\/wp\/v2\/comments?post=19423"}],"version-history":[{"count":5,"href":"https:\/\/globalpacta.com\/fr\/wp-json\/wp\/v2\/pages\/19423\/revisions"}],"predecessor-version":[{"id":19469,"href":"https:\/\/globalpacta.com\/fr\/wp-json\/wp\/v2\/pages\/19423\/revisions\/19469"}],"up":[{"embeddable":true,"href":"https:\/\/globalpacta.com\/fr\/wp-json\/wp\/v2\/pages\/7210"}],"wp:attachment":[{"href":"https:\/\/globalpacta.com\/fr\/wp-json\/wp\/v2\/media?parent=19423"}],"curies":[{"name":"wp","href":"https:\/\/api.w.org\/{rel}","templated":true}]}}

<div class="fusion-fullwidth fullwidth-box fusion-builder-row-1 gp-single-team nonhundred-percent-fullwidth non-hundred-percent-height-scrolling" style="--awb-background-position:left top;--awb-border-sizes-top:0px;--awb-border-sizes-bottom:0px;--awb-border-sizes-left:0px;--awb-border-sizes-right:0px;--awb-border-radius-top-left:0px;--awb-border-radius-top-right:0px;--awb-border-radius-bottom-right:0px;--awb-border-radius-bottom-left:0px;--awb-padding-top:20px;--awb-padding-bottom:20px;--awb-flex-wrap:wrap;" ><div class="fusion-builder-row fusion-row"><div class="fusion-layout-column fusion_builder_column fusion-builder-column-0 fusion_builder_column_1_2 1_2 fusion-one-half fusion-column-first" style="--awb-bg-size:cover;width:48%; margin-right: 4%;"><div class="fusion-column-wrapper fusion-flex-column-wrapper-legacy"><div class="fusion-image-element fusion-image-align-right in-legacy-container" style="text-align:right;--awb-caption-title-font-family:var(--h2_typography-font-family);--awb-caption-title-font-weight:var(--h2_typography-font-weight);--awb-caption-title-font-style:var(--h2_typography-font-style);--awb-caption-title-size:var(--h2_typography-font-size);--awb-caption-title-transform:var(--h2_typography-text-transform);--awb-caption-title-line-height:var(--h2_typography-line-height);--awb-caption-title-letter-spacing:var(--h2_typography-letter-spacing);"><span class=" fusion-imageframe imageframe-none imageframe-1 hover-type-none" style="margin-left:25px;float:right;"><img decoding="async" width="427" height="427" title="Belkis-Poleo" src="https://globalpacta.com/wp-content/uploads/2023/01/Belkis-Poleo.jpg" alt class="img-responsive wp-image-19438" srcset="https://globalpacta.com/wp-content/uploads/2023/01/Belkis-Poleo-200x200.jpg 200w, https://globalpacta.com/wp-content/uploads/2023/01/Belkis-Poleo-400x400.jpg 400w, https://globalpacta.com/wp-content/uploads/2023/01/Belkis-Poleo.jpg 427w" sizes="(max-width: 800px) 100vw, 427px" /></span></div><div class="fusion-clearfix"></div></div></div><div class="fusion-layout-column fusion_builder_column fusion-builder-column-1 fusion_builder_column_1_2 1_2 fusion-one-half fusion-column-last" style="--awb-bg-size:cover;width:48%;"><div class="fusion-column-wrapper fusion-flex-column-wrapper-legacy"><div class="fusion-text fusion-text-1"><p><strong>Administration et marketing</strong></p>
<p>Belkis Poleo a une longue expérience professionnelle multidisciplinaire combinant des tâches administratives et opérationnelles dans des entreprises internationales et rejoint globalpacta pour renforcer le département de réception, administration et marketing.</p>
<p>Elle fait partie de l&rsquo;équipe de globalpacta depuis 2021.</p>
<p><strong>Formation académique</strong></p>
<p>– Diplôme en langues étrangères avec des organisations internationales.<br />
– Cours de spécialisation universitaire en protocole international et relations institutionnelles.<br />
– Cours sur le commerce électronique.<br />
– Cours sur les réseaux sociaux et les affaires.<br />
– Cours sur la facturation numérique.<br />
– Cours de gestion financière.<br />
– Cours Programmation en ASP.NET.<br />
– Cours 7 BIG DATA (IFCT128PO).<br />
– Atelier sur l&rsquo;intelligence économique et la gestion des connaissances.<br />
– Séminaire : Gestion des connaissances et innovation dans l&rsquo;entreprise.<br />
– Séminaire : Le profilage: une ressource clé pour la prise de décision dans les entreprises.<br />
– Séminaire : Principes fondamentaux du marketing.<br />
– Séminaire : Communication efficace en entreprise.</p>
<p><strong>Langues</strong></p>
<p>Espagnol, anglais et français.</p>
</div><div class="fusion-clearfix"></div></div></div></div></div>
