{"id":22348,"date":"2024-04-30T15:16:06","date_gmt":"2024-04-30T15:16:06","guid":{"rendered":"https:\/\/globalpacta.com\/?page_id=22348"},"modified":"2024-05-06T10:03:42","modified_gmt":"2024-05-06T10:03:42","slug":"joaquin-gonzalez","status":"publish","type":"page","link":"https:\/\/globalpacta.com\/fr\/equipo-2\/joaquin-gonzalez\/","title":{"rendered":"JOAQU\u00cdN GONZ\u00c1LEZ"},"content":{"rendered":"<div class=\"fusion-fullwidth fullwidth-box fusion-builder-row-1 gp-single-team nonhundred-percent-fullwidth non-hundred-percent-height-scrolling\" style=\"--awb-background-position:left top;--awb-border-sizes-top:0px;--awb-border-sizes-bottom:0px;--awb-border-sizes-left:0px;--awb-border-sizes-right:0px;--awb-border-radius-top-left:0px;--awb-border-radius-top-right:0px;--awb-border-radius-bottom-right:0px;--awb-border-radius-bottom-left:0px;--awb-padding-top:20px;--awb-padding-bottom:20px;--awb-flex-wrap:wrap;\" ><div class=\"fusion-builder-row fusion-row\"><div class=\"fusion-layout-column fusion_builder_column fusion-builder-column-0 fusion_builder_column_1_2 1_2 fusion-one-half fusion-column-first\" style=\"--awb-bg-size:cover;width:48%; margin-right: 4%;\"><div class=\"fusion-column-wrapper fusion-flex-column-wrapper-legacy\"><div class=\"fusion-image-element fusion-image-align-right in-legacy-container\" style=\"text-align:right;--awb-caption-title-font-family:var(--h2_typography-font-family);--awb-caption-title-font-weight:var(--h2_typography-font-weight);--awb-caption-title-font-style:var(--h2_typography-font-style);--awb-caption-title-size:var(--h2_typography-font-size);--awb-caption-title-transform:var(--h2_typography-text-transform);--awb-caption-title-line-height:var(--h2_typography-line-height);--awb-caption-title-letter-spacing:var(--h2_typography-letter-spacing);\"><span class=\" fusion-imageframe imageframe-none imageframe-1 hover-type-none\" style=\"margin-left:25px;float:right;\"><img decoding=\"async\" width=\"1731\" height=\"2048\" title=\"image003 (1)\" src=\"https:\/\/globalpacta.com\/wp-content\/uploads\/2024\/05\/image003-1-e1714645265337.jpg\" alt class=\"img-responsive wp-image-22398\"\/><\/span><\/div><div class=\"fusion-clearfix\"><\/div><\/div><\/div><div class=\"fusion-layout-column fusion_builder_column fusion-builder-column-1 fusion_builder_column_1_2 1_2 fusion-one-half fusion-column-last\" style=\"--awb-bg-size:cover;width:48%;\"><div class=\"fusion-column-wrapper fusion-flex-column-wrapper-legacy\"><div class=\"fusion-text fusion-text-1\"><p><strong>Avocat<\/strong><\/p>\n<p>Joaqu\u00edn a men\u00e9 sa carri\u00e8re professionnelle li\u00e9e au droit public. Il a notamment conseill\u00e9 des entreprises dans le cadre de processus d\u2019appels d\u2019offres publics et a pr\u00e9par\u00e9 des ressources sur les march\u00e9s publics. Il a \u00e9galement conseill\u00e9 sur des questions d&rsquo;urbanisme; et en accompagnement et conseil dans les proc\u00e9dures administratives et dans les proc\u00e9dures judiciaires contentieuses-administratives. Il a \u00e9galement particip\u00e9 \u00e0 des conseils en mati\u00e8re contentieuse fiscale, \u00e0 la pr\u00e9paration de recours devant les tribunaux \u00e9conomico-administratifs et \u00e0 des proc\u00e9dures judiciaires. Tout cela sans pr\u00e9judice de son travail dans d&rsquo;autres domaines du droit public, comme la pratique en mati\u00e8re de responsabilit\u00e9 patrimoniale des administrations publiques, de droit local ou de droit des sanctions administratives.<\/p>\n<p>Au cours de sa carri\u00e8re professionnelle, Joaqu\u00edn a \u00e9galement eu l&rsquo;occasion de travailler et de conseiller des fondations publiques-priv\u00e9es.<\/p>\n<p><strong>Formation acad\u00e9mique<\/strong><\/p>\n<ul>\n<li>Licence en droit (UPF)<\/li>\n<li>Oppositions au Corps des Avocats de l&rsquo;\u00c9ta<\/li>\n<li>Programme de leadership et de gestion publique (IESE)<\/li>\n<\/ul>\n<p><strong>Langues<\/strong><strong>\u00a0<\/strong><\/p>\n<p>Espagnol, catalan et anglais.<\/p>\n<\/div><div class=\"fusion-clearfix\"><\/div><\/div><\/div><\/div><\/div>\n","protected":false},"excerpt":{"rendered":"","protected":false},"author":3,"featured_media":0,"parent":7210,"menu_order":0,"comment_status":"open","ping_status":"open","template":"","meta":{"_exactmetrics_skip_tracking":false,"_exactmetrics_sitenote_active":false,"_exactmetrics_sitenote_note":"","_exactmetrics_sitenote_category":0,"footnotes":""},"_links":{"self":[{"href":"https:\/\/globalpacta.com\/fr\/wp-json\/wp\/v2\/pages\/22348"}],"collection":[{"href":"https:\/\/globalpacta.com\/fr\/wp-json\/wp\/v2\/pages"}],"about":[{"href":"https:\/\/globalpacta.com\/fr\/wp-json\/wp\/v2\/types\/page"}],"author":[{"embeddable":true,"href":"https:\/\/globalpacta.com\/fr\/wp-json\/wp\/v2\/users\/3"}],"replies":[{"embeddable":true,"href":"https:\/\/globalpacta.com\/fr\/wp-json\/wp\/v2\/comments?post=22348"}],"version-history":[{"count":4,"href":"https:\/\/globalpacta.com\/fr\/wp-json\/wp\/v2\/pages\/22348\/revisions"}],"predecessor-version":[{"id":22453,"href":"https:\/\/globalpacta.com\/fr\/wp-json\/wp\/v2\/pages\/22348\/revisions\/22453"}],"up":[{"embeddable":true,"href":"https:\/\/globalpacta.com\/fr\/wp-json\/wp\/v2\/pages\/7210"}],"wp:attachment":[{"href":"https:\/\/globalpacta.com\/fr\/wp-json\/wp\/v2\/media?parent=22348"}],"curies":[{"name":"wp","href":"https:\/\/api.w.org\/{rel}","templated":true}]}}

JOAQUÍN GONZÁLEZ

<div class="fusion-fullwidth fullwidth-box fusion-builder-row-1 gp-single-team nonhundred-percent-fullwidth non-hundred-percent-height-scrolling" style="--awb-background-position:left top;--awb-border-sizes-top:0px;--awb-border-sizes-bottom:0px;--awb-border-sizes-left:0px;--awb-border-sizes-right:0px;--awb-border-radius-top-left:0px;--awb-border-radius-top-right:0px;--awb-border-radius-bottom-right:0px;--awb-border-radius-bottom-left:0px;--awb-padding-top:20px;--awb-padding-bottom:20px;--awb-flex-wrap:wrap;" ><div class="fusion-builder-row fusion-row"><div class="fusion-layout-column fusion_builder_column fusion-builder-column-0 fusion_builder_column_1_2 1_2 fusion-one-half fusion-column-first" style="--awb-bg-size:cover;width:48%; margin-right: 4%;"><div class="fusion-column-wrapper fusion-flex-column-wrapper-legacy"><div class="fusion-image-element fusion-image-align-right in-legacy-container" style="text-align:right;--awb-caption-title-font-family:var(--h2_typography-font-family);--awb-caption-title-font-weight:var(--h2_typography-font-weight);--awb-caption-title-font-style:var(--h2_typography-font-style);--awb-caption-title-size:var(--h2_typography-font-size);--awb-caption-title-transform:var(--h2_typography-text-transform);--awb-caption-title-line-height:var(--h2_typography-line-height);--awb-caption-title-letter-spacing:var(--h2_typography-letter-spacing);"><span class=" fusion-imageframe imageframe-none imageframe-1 hover-type-none" style="margin-left:25px;float:right;"><img decoding="async" width="1731" height="2048" title="image003 (1)" src="https://globalpacta.com/wp-content/uploads/2024/05/image003-1-e1714645265337.jpg" alt class="img-responsive wp-image-22398"/></span></div><div class="fusion-clearfix"></div></div></div><div class="fusion-layout-column fusion_builder_column fusion-builder-column-1 fusion_builder_column_1_2 1_2 fusion-one-half fusion-column-last" style="--awb-bg-size:cover;width:48%;"><div class="fusion-column-wrapper fusion-flex-column-wrapper-legacy"><div class="fusion-text fusion-text-1"><p><strong>Avocat</strong></p>
<p>Joaquín a mené sa carrière professionnelle liée au droit public. Il a notamment conseillé des entreprises dans le cadre de processus d’appels d’offres publics et a préparé des ressources sur les marchés publics. Il a également conseillé sur des questions d&rsquo;urbanisme; et en accompagnement et conseil dans les procédures administratives et dans les procédures judiciaires contentieuses-administratives. Il a également participé à des conseils en matière contentieuse fiscale, à la préparation de recours devant les tribunaux économico-administratifs et à des procédures judiciaires. Tout cela sans préjudice de son travail dans d&rsquo;autres domaines du droit public, comme la pratique en matière de responsabilité patrimoniale des administrations publiques, de droit local ou de droit des sanctions administratives.</p>
<p>Au cours de sa carrière professionnelle, Joaquín a également eu l&rsquo;occasion de travailler et de conseiller des fondations publiques-privées.</p>
<p><strong>Formation académique</strong></p>
<ul>
<li>Licence en droit (UPF)</li>
<li>Oppositions au Corps des Avocats de l&rsquo;Éta</li>
<li>Programme de leadership et de gestion publique (IESE)</li>
</ul>
<p><strong>Langues</strong><strong> </strong></p>
<p>Espagnol, catalan et anglais.</p>
</div><div class="fusion-clearfix"></div></div></div></div></div>
