{"id":7608,"date":"2016-09-14T08:45:46","date_gmt":"2016-09-14T08:45:46","guid":{"rendered":"http:\/\/globalpacta.com\/pilar-tintore"},"modified":"2018-03-01T11:40:50","modified_gmt":"2018-03-01T11:40:50","slug":"pilar-tintore","status":"publish","type":"page","link":"https:\/\/globalpacta.com\/fr\/equipo-2\/pilar-tintore\/","title":{"rendered":"M\u00aa DEL PILAR TINTOR\u00c9"},"content":{"rendered":"<div class=\"fusion-fullwidth fullwidth-box fusion-builder-row-1 gp-single-team nonhundred-percent-fullwidth non-hundred-percent-height-scrolling\" style=\"--awb-background-position:left top;--awb-border-radius-top-left:0px;--awb-border-radius-top-right:0px;--awb-border-radius-bottom-right:0px;--awb-border-radius-bottom-left:0px;--awb-padding-top:20px;--awb-padding-bottom:20px;--awb-border-sizes-top:0px;--awb-border-sizes-bottom:0px;--awb-flex-wrap:wrap;\" ><div class=\"fusion-builder-row fusion-row\"><div class=\"fusion-layout-column fusion_builder_column fusion-builder-column-0 fusion_builder_column_1_2 1_2 fusion-one-half fusion-column-first\" style=\"--awb-bg-size:cover;width:48%; margin-right: 4%;\"><div class=\"fusion-column-wrapper fusion-flex-column-wrapper-legacy\"><div class=\"fusion-image-element fusion-image-align-right in-legacy-container\" style=\"text-align:right;--awb-caption-title-font-family:var(--h2_typography-font-family);--awb-caption-title-font-weight:var(--h2_typography-font-weight);--awb-caption-title-font-style:var(--h2_typography-font-style);--awb-caption-title-size:var(--h2_typography-font-size);--awb-caption-title-transform:var(--h2_typography-text-transform);--awb-caption-title-line-height:var(--h2_typography-line-height);--awb-caption-title-letter-spacing:var(--h2_typography-letter-spacing);\"><span class=\" fusion-imageframe imageframe-none imageframe-1 hover-type-none\" style=\"margin-left:25px;float:right;\"><img decoding=\"async\" width=\"427\" height=\"427\" title=\"M-del-Pilar-Tintore\" src=\"https:\/\/globalpacta.com\/wp-content\/uploads\/2015\/02\/M-del-Pilar-Tintore.jpeg\" alt class=\"img-responsive wp-image-21110\" srcset=\"https:\/\/globalpacta.com\/wp-content\/uploads\/2015\/02\/M-del-Pilar-Tintore-200x200.jpeg 200w, https:\/\/globalpacta.com\/wp-content\/uploads\/2015\/02\/M-del-Pilar-Tintore-400x400.jpeg 400w, https:\/\/globalpacta.com\/wp-content\/uploads\/2015\/02\/M-del-Pilar-Tintore.jpeg 427w\" sizes=\"(max-width: 800px) 100vw, 427px\" \/><\/span><\/div><div class=\"fusion-clearfix\"><\/div><\/div><\/div><div class=\"fusion-layout-column fusion_builder_column fusion-builder-column-1 fusion_builder_column_1_2 1_2 fusion-one-half fusion-column-last\" style=\"--awb-bg-size:cover;width:48%;\"><div class=\"fusion-column-wrapper fusion-flex-column-wrapper-legacy\"><div class=\"fusion-text fusion-text-1\"><p><strong>Avocat.\u00a0<\/strong><strong>Associ\u00e9<br \/>\n<\/strong><\/p>\n<p>Maria del Pilar Tintor\u00e9 est responsable du service de la famille et poss\u00e8de une longue exp\u00e9rience en tant que conseill\u00e8re en droit de la famille et droit canonique. Elle d\u00e9fend les int\u00e9r\u00eats de ses clients devant les tribunaux civils, dans les proc\u00e9dures matrimoniales, incapacit\u00e9s, mineurs et nullit\u00e9s eccl\u00e9siastiques.<\/p>\n<p>Elle est membre du Barreau de Barcelone. En outre, depuis sa fondation, elle est membre de la Soci\u00e9t\u00e9 catalane des avocats de la famille et membre de l&rsquo;Association espagnole des avocats de la famille. Elle fait partie du Tribunal Eccl\u00e9siastique de Barcelone.<\/p>\n<p>Elle fait partie de l&rsquo;\u00e9quipe de globalpacta depuis 2011.<\/p>\n<p><strong>Formation acad\u00e9mique<\/strong><\/p>\n<p>\u2013 Ma\u00eetrise en droit \u00e0 l&rsquo;Universit\u00e9 de Barcelone.<br \/>\n\u2013 Dipl\u00f4me en droit des successions. ICAB.<br \/>\n\u2013 Dipl\u00f4me en droit proc\u00e9dural. ICAB.<br \/>\n\u2013 Cours de sp\u00e9cialisation en jurisdiction pour mineurs. ICAB.<br \/>\n\u2013 Cours de pr\u00e9paration \u00e0 la formation des avocats en mati\u00e8re de nullit\u00e9 canonique devant les tribunaux eccl\u00e9siastiques. Tribunal de la Rote de la nonciature apostolique en Espagne.<br \/>\n<strong><br \/>\nEnseignement<\/strong><\/p>\n<p>\u2013 Professeur collaborateur depuis 2011 dans le d\u00e9partement du droit civil priv\u00e9 de l&rsquo;Universit\u00e9 Autonome de Barcelone, donnant des cours pratiques de droit de la famille.<br \/>\n\u2013 Collaboratrice dans la section du droit matrimonial et de la famille au Barreau de Barcelone, en donnant des conf\u00e9rences; <em>entre autres: \u201cEls adolescents conflictius i el seu entorn familiar\u201d.<\/em><\/p>\n<p><strong>Publications<\/strong><\/p>\n<p>\u2013 Projet de l&rsquo;Union europ\u00e9enne, \u00ab OUT DOOR \u00bb, centr\u00e9 sur l&rsquo;analyse et l&rsquo;\u00e9tude de la r\u00e9insertion des d\u00e9tenus; en collaboration avec l&rsquo;Italie, la France et l&rsquo;Allemagne.<\/p>\n<p><strong>Langues<\/strong><\/p>\n<p>Castellano, catal\u00e1n, ingl\u00e9s y franc\u00e9s.<\/p>\n<\/div><div class=\"fusion-clearfix\"><\/div><\/div><\/div><\/div><\/div>\n","protected":false},"excerpt":{"rendered":"","protected":false},"author":3,"featured_media":0,"parent":7210,"menu_order":0,"comment_status":"open","ping_status":"closed","template":"","meta":{"_exactmetrics_skip_tracking":false,"_exactmetrics_sitenote_active":false,"_exactmetrics_sitenote_note":"","_exactmetrics_sitenote_category":0,"footnotes":""},"_links":{"self":[{"href":"https:\/\/globalpacta.com\/fr\/wp-json\/wp\/v2\/pages\/7608"}],"collection":[{"href":"https:\/\/globalpacta.com\/fr\/wp-json\/wp\/v2\/pages"}],"about":[{"href":"https:\/\/globalpacta.com\/fr\/wp-json\/wp\/v2\/types\/page"}],"author":[{"embeddable":true,"href":"https:\/\/globalpacta.com\/fr\/wp-json\/wp\/v2\/users\/3"}],"replies":[{"embeddable":true,"href":"https:\/\/globalpacta.com\/fr\/wp-json\/wp\/v2\/comments?post=7608"}],"version-history":[{"count":3,"href":"https:\/\/globalpacta.com\/fr\/wp-json\/wp\/v2\/pages\/7608\/revisions"}],"predecessor-version":[{"id":8260,"href":"https:\/\/globalpacta.com\/fr\/wp-json\/wp\/v2\/pages\/7608\/revisions\/8260"}],"up":[{"embeddable":true,"href":"https:\/\/globalpacta.com\/fr\/wp-json\/wp\/v2\/pages\/7210"}],"wp:attachment":[{"href":"https:\/\/globalpacta.com\/fr\/wp-json\/wp\/v2\/media?parent=7608"}],"curies":[{"name":"wp","href":"https:\/\/api.w.org\/{rel}","templated":true}]}}

Mª DEL PILAR TINTORÉ

<div class="fusion-fullwidth fullwidth-box fusion-builder-row-1 gp-single-team nonhundred-percent-fullwidth non-hundred-percent-height-scrolling" style="--awb-background-position:left top;--awb-border-radius-top-left:0px;--awb-border-radius-top-right:0px;--awb-border-radius-bottom-right:0px;--awb-border-radius-bottom-left:0px;--awb-padding-top:20px;--awb-padding-bottom:20px;--awb-border-sizes-top:0px;--awb-border-sizes-bottom:0px;--awb-flex-wrap:wrap;" ><div class="fusion-builder-row fusion-row"><div class="fusion-layout-column fusion_builder_column fusion-builder-column-0 fusion_builder_column_1_2 1_2 fusion-one-half fusion-column-first" style="--awb-bg-size:cover;width:48%; margin-right: 4%;"><div class="fusion-column-wrapper fusion-flex-column-wrapper-legacy"><div class="fusion-image-element fusion-image-align-right in-legacy-container" style="text-align:right;--awb-caption-title-font-family:var(--h2_typography-font-family);--awb-caption-title-font-weight:var(--h2_typography-font-weight);--awb-caption-title-font-style:var(--h2_typography-font-style);--awb-caption-title-size:var(--h2_typography-font-size);--awb-caption-title-transform:var(--h2_typography-text-transform);--awb-caption-title-line-height:var(--h2_typography-line-height);--awb-caption-title-letter-spacing:var(--h2_typography-letter-spacing);"><span class=" fusion-imageframe imageframe-none imageframe-1 hover-type-none" style="margin-left:25px;float:right;"><img decoding="async" width="427" height="427" title="M-del-Pilar-Tintore" src="https://globalpacta.com/wp-content/uploads/2015/02/M-del-Pilar-Tintore.jpeg" alt class="img-responsive wp-image-21110" srcset="https://globalpacta.com/wp-content/uploads/2015/02/M-del-Pilar-Tintore-200x200.jpeg 200w, https://globalpacta.com/wp-content/uploads/2015/02/M-del-Pilar-Tintore-400x400.jpeg 400w, https://globalpacta.com/wp-content/uploads/2015/02/M-del-Pilar-Tintore.jpeg 427w" sizes="(max-width: 800px) 100vw, 427px" /></span></div><div class="fusion-clearfix"></div></div></div><div class="fusion-layout-column fusion_builder_column fusion-builder-column-1 fusion_builder_column_1_2 1_2 fusion-one-half fusion-column-last" style="--awb-bg-size:cover;width:48%;"><div class="fusion-column-wrapper fusion-flex-column-wrapper-legacy"><div class="fusion-text fusion-text-1"><p><strong>Avocat. </strong><strong>Associé<br />
</strong></p>
<p>Maria del Pilar Tintoré est responsable du service de la famille et possède une longue expérience en tant que conseillère en droit de la famille et droit canonique. Elle défend les intérêts de ses clients devant les tribunaux civils, dans les procédures matrimoniales, incapacités, mineurs et nullités ecclésiastiques.</p>
<p>Elle est membre du Barreau de Barcelone. En outre, depuis sa fondation, elle est membre de la Société catalane des avocats de la famille et membre de l&rsquo;Association espagnole des avocats de la famille. Elle fait partie du Tribunal Ecclésiastique de Barcelone.</p>
<p>Elle fait partie de l&rsquo;équipe de globalpacta depuis 2011.</p>
<p><strong>Formation académique</strong></p>
<p>– Maîtrise en droit à l&rsquo;Université de Barcelone.<br />
– Diplôme en droit des successions. ICAB.<br />
– Diplôme en droit procédural. ICAB.<br />
– Cours de spécialisation en jurisdiction pour mineurs. ICAB.<br />
– Cours de préparation à la formation des avocats en matière de nullité canonique devant les tribunaux ecclésiastiques. Tribunal de la Rote de la nonciature apostolique en Espagne.<br />
<strong><br />
Enseignement</strong></p>
<p>– Professeur collaborateur depuis 2011 dans le département du droit civil privé de l&rsquo;Université Autonome de Barcelone, donnant des cours pratiques de droit de la famille.<br />
– Collaboratrice dans la section du droit matrimonial et de la famille au Barreau de Barcelone, en donnant des conférences; <em>entre autres: “Els adolescents conflictius i el seu entorn familiar”.</em></p>
<p><strong>Publications</strong></p>
<p>– Projet de l&rsquo;Union européenne, « OUT DOOR », centré sur l&rsquo;analyse et l&rsquo;étude de la réinsertion des détenus; en collaboration avec l&rsquo;Italie, la France et l&rsquo;Allemagne.</p>
<p><strong>Langues</strong></p>
<p>Castellano, catalán, inglés y francés.</p>
</div><div class="fusion-clearfix"></div></div></div></div></div>
